highest common factor of 9066 and 22?
2
Calculate the highest common factor of 18833 and 4581.
509
Calculate the greatest common divisor of 1751079 and 13959.
1551
What is the highest common divisor of 20774 and 1846?
26
What is the highest common factor of 1 and 11059?
1
Calculate the greatest common divisor of 98 and 575652.
98
Calculate the highest common factor of 52 and 207857.
13
Calculate the greatest common factor of 4640 and 75980.
580
Calculate the highest common factor of 5175 and 342.
9
Calculate the greatest common divisor of 29 and 251.
1
Calculate the highest common divisor of 1323 and 22344.
147
Calculate the highest common factor of 38161 and 62.
31
Calculate the highest common divisor of 944 and 1408.
16
What is the highest common factor of 51204 and 38964?
204
What is the highest common factor of 12937 and 276243?
761
What is the highest common factor of 702 and 7345026?
702
What is the greatest common factor of 876645 and 1288?
161
What is the greatest common factor of 210624 and 300?
12
What is the greatest common divisor of 49071 and 429?
33
Calculate the greatest common factor of 657192 and 197.
197
Calculate the highest common divisor of 4 and 423244.
4
What is the greatest common factor of 960602 and 19?
19
Calculate the greatest common divisor of 245 and 163205.
35
Calculate the highest common divisor of 247027 and 374.
187
Calculate the highest common factor of 459 and 102051.
153
Calculate the highest common divisor of 12768 and 454944.
672
Calculate the highest common factor of 272 and 9584.
16
Calculate the highest common divisor of 180 and 18828.
36
What is the highest common divisor of 3720535 and 1183?
1183
Calculate the greatest common divisor of 576 and 143040.
192
What is the greatest common factor of 2211 and 1654565?
737
Calculate the highest common divisor of 22 and 9463267.
11
What is the greatest common factor of 184 and 26?
2
What is the greatest common divisor of 206 and 17718266?
206
What is the highest common factor of 697 and 23083?
41
What is the greatest common divisor of 100 and 747550?
50
What is the highest common factor of 20546 and 38?
2
Calculate the greatest common factor of 13872 and 128.
16
Calculate the greatest common factor of 98 and 182378.
98
Calculate the highest common divisor of 2443088 and 1032.
344
What is the highest common factor of 9746 and 575457?
443
What is the highest common factor of 1807 and 4726?
139
Calculate the highest common divisor of 209 and 585409.
209
Calculate the highest common divisor of 115497 and 3321.
369
What is the greatest common divisor of 49 and 1111915?
7
What is the greatest common divisor of 994891 and 1462?
731
Calculate the highest common divisor of 43624 and 8512.
1064
Calculate the highest common factor of 3779 and 1.
1
Calculate the greatest common factor of 344 and 100018.
86
What is the highest common factor of 7 and 1751183?
7
Calculate the greatest common factor of 2006683 and 623.
623
What is the greatest common divisor of 24828 and 44?
4
What is the greatest common factor of 278 and 87014?
278
Calculate the highest common divisor of 218 and 67798.
218
Calculate the greatest common divisor of 1508 and 1.
1
Calculate the highest common factor of 204229 and 917.
131
What is the highest common factor of 691046 and 3173?
167
Calculate the greatest common factor of 9216 and 9.
9
What is the greatest common factor of 658 and 7?
7
What is the greatest common divisor of 57278 and 117?
13
What is the highest common factor of 344107 and 1414?
101
What is the highest common factor of 8 and 1826716?
4
Calculate the highest common divisor of 368 and 26680.
184
What is the greatest common divisor of 275 and 13090?
55
Calculate the greatest common factor of 502528 and 91.
13
What is the greatest common divisor of 28 and 2863?
7
Calculate the highest common factor of 6080 and 78280.
760
Calculate the highest common factor of 142813 and 55.
11
Calculate the greatest common divisor of 10232640 and 17.
17
What is the greatest common divisor of 3363 and 4731?
57
What is the highest common divisor of 492 and 550958?
82
Calculate the highest common divisor of 321264 and 1035.
207
Calculate the highest common factor of 4 and 32404.
4
Calculate the highest common factor of 251305 and 5.
5
Calculate the greatest common divisor of 62 and 218209.
31
What is the highest common divisor of 116 and 200593?
29
What is the greatest common divisor of 1208 and 2024?
8
What is the greatest common factor of 118 and 865471?
59
Calculate the highest common factor of 21716 and 4.
4
Calculate the greatest common divisor of 21904 and 5216.
16
Calculate the greatest common factor of 1495 and 4945.
115
What is the greatest common factor of 8600 and 360?
40
What is the greatest common factor of 43944 and 348?
12
Calculate the highest common factor of 2112 and 61760.
64
What is the greatest common divisor of 988 and 173147?
247
Calculate the highest common divisor of 76104 and 66440.
1208
What is the greatest common factor of 110029 and 76?
19
Calculate the greatest common divisor of 75411 and 133.
133
What is the highest common divisor of 19910 and 330?
110
Calculate the greatest common divisor of 3367 and 6643.
91
Calculate the highest common divisor of 20768 and 24224.
32
Calculate the greatest common factor of 303105 and 363.
363
What is the highest common divisor of 1376 and 17071?
43
Calculate the highest common divisor of 1029 and 581.
7
What is the greatest common factor of 405 and 11790?
45
What is the highest common factor of 84778 and 26190?
194
What is the greatest common divisor of 450 and 306?
18
Calculate the highest common divisor of 19479 and 5289.
129
Calculate the greatest common factor of 72921 and 6.
3
Calculate the highest common factor of 1600 and 3325.
25
What is the highest common divisor of 9268 and 756?
28
Calculate the greatest common factor of 3250228 and 185.
37
What is the greatest common divisor of 2322229 and 273?
91
Calculate the greatest common divisor of 12828 and 972.
12
Calculate the greatest common divisor of 2704 and 13.
13
What is the highest common factor of 1286423 and 3501?
389
Calculate the highest common factor of 1600 and 140992.
64
What is the highest common divisor of 3234 and 1666?
98
What is the greatest common divisor of 328 and 311104?
8
What is the greatest common factor of 77 and 833?
7
Calculate the highest common factor of 7326 and 1386.
198
What is the greatest common divisor of 72189 and 54?
9
Calculate the greatest common divisor of 16880 and 430.
10
What is the highest common factor of 7746584 and 184?
184
What is the highest common divisor of 289 and 1213800?
289
Calculate the highest common factor of 5312 and 49216.
64
Calculate the greatest common factor of 26177 and 11.
1
What is the highest common divisor of 1064 and 20888?
56
Calculate the highest common divisor of 131408 and 29584.
688
What is the highest common factor of 3848 and 345956?
52
What is the greatest common divisor of 223 and 524050?
223
Calculate the greatest common factor of 38409 and 5369.
413
What is the highest common factor of 52186 and 3497?
269
What is the highest common factor of 41034 and 1155?
21
What is the greatest common divisor of 874 and 532?
38
What is the highest common divisor of 4564 and 18116?
28
Calculate the highest common factor of 245920 and 16.
16
What is the highest common divisor of 41905 and 6960?
145
Calculate the greatest common divisor of 1212 and 2610.
6
Calculate the highest common divisor of 148 and 1640876.
148
Calculate the highest common divisor of 410 and 5330.
410
What is the greatest common factor of 1990872 and 351?
351
What is the greatest common factor of 54540 and 303?
303
Calculate the greatest common factor of 142131 and 11033.
649
What is the greatest common factor of 9528 and 216?
24
What is the highest common factor of 3818 and 1058?
46
What is the greatest common divisor of 51 and 361284?
51
What is the highest common factor of 86105 and 17?
17
Calculate the highest common factor of 315 and 411005.
35
Calculate the greatest common divisor of 671685 and 105.
105
Calculate the greatest common factor of 714 and 212982.
42
What is the highest common factor of 104 and 73918?
26
Calculate the greatest co